actors of j.
2, 7
Let p(x) = x**3 + 6*x**2 + 7*x - 2. Let d be p(-4). Let b(c) = -c**3 + 2*c**2 + 3*c - 2. Let f be b(d). Suppose f*n - 210 = 50. What are the prime factors of n?
5, 13
Suppose 5*b - 3*b = -2*u + 12, u = b. Suppose 0 = -2*p - 5*y + 433, 0*p + 5*y = -u*p + 637. Suppose -35*s + 31*s = -p. List the prime factors of s.
3, 17
Let n = 96 + -80. Let d(c) = -c**3 + 3*c**2 + 3*c + 2. Let w be d(3). Let o = w + n. What are the prime factors of o?
3
Suppose 0 = 5*a - 5*f - 575, 5*a = -0*a + 2*f + 569. Let k = a - -272. What are the prime factors of k?
5, 7, 11
Let w(p) = -3*p**2 - 126*p + 25. List the prime factors of w(-38).
13, 37
Let w = -2172 - -5946. List the prime factors of (-12)/78 - w/(-26).
5, 29
Let x(b) = 36*b**2 + 114*b - 3786. List the prime factors of x(38).
2, 3, 5, 17, 103
Suppose -5*n = i - 15, -8*n = -3*n - 5*i + 15. Suppose -2*j - n*s = 80, -4*j - s - 131 = 14. Let m = -27 - j. List the prime factors of m.
2
Suppose -4*w = 5*l - 46, -3*l = -5*w + 4 - 2. List the prime factors of ((-3)/(-6))/(-3*l/(-21564)).
599
Suppose 0*s = -4*i - 4*s + 2568, -5*i + 4*s + 3174 = 0. Suppose i = 5*q - 1157. List the prime factors of q.
359
Let k(h) be the second derivative of 53*h**4/12 - h**3/6 - h**2 - 18*h. Let x be k(-1). Let v = 54 - x. List the prime factors of v.
2
Let b(j) = -2*j**2 + 4*j - 1. Let l be b(3). Let o(g) = -144*g - 113. What are the prime factors of o(l)?
5, 179
Suppose 7 - 13 = -2*q. Suppose q*d - 2 + 38 = 0. List the prime factors of (-1)/((-8)/d*6/(-412)).
103
Suppose -6*l + 4*p + 91744 = 0, -5*l - 7479 + 83969 = 4*p. What are the prime factors of l?
2, 3, 2549
Suppose 5*r - 76 = 4*p + 5, -p - 4 = 0. Let z = r + -9. Suppose 5*m = 5, z*j + 2*m - 264 = 6*m. What are the prime factors of j?
67
Let k(b) = 121*b + 2567. What are the prime factors of k(66)?
61, 173
Suppose -2*n + 7*z = 9*z - 150648, -n - 4*z + 75327 = 0. What are the prime factors of n?
75323
Let w = -124 + 75. Let b = w - -53. List the prime factors of (2/b)/((-16)/(-2656)).
83
Let n(t) = 0*t**2 + 3889*t - 3888*t - 4*t**3 - 4 + 3*t**2. What are the prime factors of n(-2)?
2, 19
Let y be 40/140 + (-61)/(-7). Let q(b) = -170*b + y - 7 + 0 - 4. What are the prime factors of q(-1)?
2, 3, 7
Let x = 9842 + -3642. List the prime factors of x.
2, 5, 31
Let h = 11710 - 4133. List the prime factors of h.
7577
Suppose 2*m + 3*u + 12 = 0, 2*u = 2*m - 5*m - 23. Let w(y) = y**3 + 10*y**2 + 8*y - 7. Let c be w(m). Suppose 192 = c*r + 58. What are the prime factors of r?
67
Let x be (5/(-10))/(2/(-24)). Suppose -6 = 6*h + x. List the prime factors of -2*(h/(-5))/((-4)/305).
61
Let q = 2382 + -1628. Let s = q - 533. List the prime factors of s.
13, 17
Suppose 0 = -7*f + 8*f - 17. Let t(r) = -18 - 10 + 8*r - 18*r - f*r. What are the prime factors of t(-10)?
2, 11
Suppose c + 80 = -0*c. Let b be (6*8/12)/((-8)/(-30)). Let h = b - c. List the prime factors of h.
5, 19
What are the prime factors of (-6644)/(((-6)/(-4))/(-8*27/72))?
2, 11, 151
Let q(a) = 74 + 7*a - 11*a + 3*a - 20*a. List the prime factors of q(-11).
5, 61
Suppose 20*s - 69*s + 8386962 = 233*s. List the prime factors of s.
29741
Let p = -14937 - -107027. What are the prime factors of p?
2, 5, 9209
Suppose 0 = 3*x + 2*u - 15, -3*x + 1 = 3*u - 14. Let a(o) = 50*o + 11. What are the prime factors of a(x)?
3, 29
Let s(m) be the first derivative of 26*m**2 + 326*m - 122. What are the prime factors of s(25)?
2, 3, 271
Suppose -219 - 743 = -13*b. Suppose -b = 3*f - 599. List the prime factors of f.
5, 7
Let n(v) = 49*v + 50. Let c(f) = -4*f + 2. Let k(b) = -6*c(b) - n(b). List the prime factors of k(-9).
163
Suppose h + 314 = 5*u + 907, 638 = h + 4*u. Suppose -y + 614 = 3*k + 2*k, 5*k + 2*y - h = 0. Suppose -6*o + 130 + k = 0. List the prime factors of o.
2, 3, 7
Let q(f) = -2*f**3 - 3*f**2 - 6*f - 1. Let h be (-42 + 10)*(0 + -2 + 1). Suppose -h = 12*j - 4*j. List the prime factors of q(j).
103
Let x(g) = 47*g + 45. Let p be x(8). Let s = 913 - p. List the prime factors of s.
2, 3, 41
Let k = 65 - 61. Suppose 6*u - k*u = 224. Suppose 0*g - g + u = 0. List the prime factors of g.
2, 7
Let h = -18653 + 31331. List the prime factors of h.
2, 3, 2113
Let n be (3 - -2)*1564/10. Suppose 12*z = 17*z - 5*p - 45, -4*z + 35 = -3*p. Suppose -498 = -z*o + n. What are the prime factors of o?
2, 5
Suppose 5*h = -x + 7756 + 58408, 4*h + 8*x - 52960 = 0. What are the prime factors of h?
2, 827
Let i = -4000 - -6642. What are the prime factors of i?
2, 1321
Let q(y) = 4*y + 132. Let i be q(-24). What are the prime factors of (906/(-12))/((-6)/i)?
3, 151
Let b(g) be the first derivative of -81*g**4/4 + 2*g**3 + 4*g**2 + g + 40. List the prime factors of b(-2).
3, 73
Let p = -148 + 133. What are the prime factors of ((-10)/p)/((-2)/(-369))?
3, 41
Let h(v) be the second derivative of -3*v**5 + v**4/12 - 20*v. Let w be h(-1). Let d = w - 31. What are the prime factors of d?
2, 3, 5
Let y = -21 - -14. Let g be -1*11*(2 + y). Let c = g + -40. List the prime factors of c.
3, 5
Let y = 104 + -35. Suppose -13 = 7*m - y. What are the prime factors of m?
2
Let v(b) = -2*b - 2. Let i be v(4). Let u be ((-564)/i)/((-12)/40). What are the prime factors of u*2*(-4)/32?
47
Suppose 13370 = 4*h - 3*g, -382*g = -5*h - 386*g + 16728. What are the prime factors of h?
2, 11, 19
List the prime factors of ((-7)/(-3))/(56/166728).
6947
Let t(d) = 246*d + 4. Let y be t(1). Let f = y - 103. List the prime factors of f.
3, 7
Let w be (-726)/(-4) - ((-5)/(-2) + -1). Suppose 56*x - w = 51*x. What are the prime factors of x?
2, 3
Suppose 0 = -4*h - 12, -m + 2*m + 3*h = -179. Let i = 306 + m. What are the prime factors of i?
2, 17
Let i = 51067 - 32353. What are the prime factors of i?
2, 3, 3119
Suppose 28*i = i + 540. Suppose i*o - 12216 = 15424. What are the prime factors of o?
2, 691
Let f = 12199 - 6810. List the prime factors of f.
17, 317
Let o be (-4)/((-24)/243) + 12/(-8). Let l be o*3*44/36. Suppose -5*u - g - g = -l, -4*g = -3*u + 91. List the prime factors of u.
29
Let r(h) be the third derivative of h**6/120 - h**5/4 - 5*h**4/12 + 5*h**3/3 + 45*h**2 - 2*h. What are the prime factors of r(16)?
2, 53
Suppose 3*w + z - 314 = 27, w = -z + 113. Let g = -45 - w. Let c = -51 - g. List the prime factors of c.
2, 3
Let h be -3 + (3 - -6) - 23. Let y(v) = -31*v - 43. List the prime factors of y(h).
2, 11
Let o = -234 - -225. Let c(r) = 7*r**2 - 27*r + 23. List the prime factors of c(o).
7, 17
Let j(c) = 27*c - 66. Let v be j(-23). Let q = 1343 + v. List the prime factors of q.
2, 41
Let y(o) be the second derivative of 13*o**5/20 + o**4/4 - o**3/2 + 3*o**2/2 + 52*o. Let q be (-26)/(-14) + 3/21. What are the prime factors of y(q)?
113
Let v(b) = -3*b + 64. Let f be v(20). Suppose f*t + a = 1894, 2373 = 5*t - 3*a + 7*a. List the prime factors of t.
11, 43
Suppose -5*k + 12 = -3*u + u, 0 = -4*k + 2*u + 10. Suppose -7*l + 4*l + 2168 = k*z, 5*z + 3655 = 5*l. List the prime factors of l*2/2*1/3.
2, 11
Let a = -4327 - -10234. What are the prime factors of a?
3, 11, 179
Let w = 39494 + -8745. What are the prime factors of w?
97, 317
Let n(f) = f**3 + 5*f**2 - 9*f - 2. Let l be n(-7). Let s = l + 69. Suppose 7*a = 550 - s. List the prime factors of a.
2, 37
Let a(p) = 97*p - 4039. List the prime factors of a(105).
2, 7, 439
Let i(z) = -444*z - 5966. List the prime factors of i(-102).
2, 19661
Suppose -6*y - 2346 + 14166 = 0. What are the prime factors of y?
2, 5, 197
Suppose 3 = -a - 3*b, 3*a - 5*b = 18 + 43. Suppose 0 = 2*p - 22 + a. Suppose 5*w - 400 = p*i, -2*w + 2*i + 151 = -3*i. List the prime factors of w.
83
Let u(k) = k**2 - 13*k + 21. Suppose 16 + 20 = 2*s. Let b be u(s). Let o = 247 - b. List the prime factors of o.
2, 17
Let m(o) = -4*o**3 + 2*o**2 - 2. Let v be m(2). Let w be (-2)/(-6) - 164/(-3) - 2. Let f = v + w. What are the prime factors of f?
3
Let b(k) = 3*k**3 + 6*k**2 - 3*k + 2. Let q be b(-5). Let s(d) = -5*d**3 + 3*d**2 - 2*d - 2. Let i be s(3). Let m = i - q. What are the prime factors of m?
2, 23
Let x(g) = -17*g + 183. Let z(b) = -66 + 20 + 11*b - 76. Let v(u) = -5*x(u) - 8*z(u). What are the prime factors of v(-12)?
97
Suppose -1626 = 12*d + 17058. Let j = -841 - d. Suppose -i - 134 = -r + 3*i, 0 = 5*r + 3*i - j. What are the prime fac